 64 + -52. Let f be (-1)/2 - 2/d*219. Let t = f + 190. Calculate the remainder when t is divided by 52.
49
Let y(s) = 13*s - 129. Let f be y(-29). Let i = f + 667. What is the remainder when i is divided by 28?
21
Suppose 13155 = 26*d - 6553. Suppose 163 - d = -17*s. What is the remainder when 174 is divided by s?
34
Let f = 1240 - 1211. What is the remainder when 102 is divided by f?
15
Let f = 591 - -876. Calculate the remainder when f is divided by 36.
27
Suppose -5*y = -o - 3*y - 1, 2*y + 2 = 2*o. Suppose -o*m - 4*t + 144 = 0, -95*t = -m - 90*t + 48. What is the remainder when 239 is divided by m?
47
Let w = 3526 + -2215. Calculate the remainder when w is divided by 186.
9
What is the remainder when 280 is divided by 7 + 4/9 + (-4674)/(-54)?
92
Suppose 137*j - 2761 = -21*j + 12565. What is the remainder when j is divided by 7?
6
Let q(i) = -i**3 + 9*i**2 + 8*i - 3. Let k = 9213 + -9193. What is the remainder when q(6) is divided by k?
13
Suppose -3052 = 41*g - 12400. Calculate the remainder when 456 is divided by g.
0
Let q(m) = -84*m + 4. Suppose -o + 3*o = -2*i + 6, -4*i + 5*o = 24. Let y be q(i). Suppose -9*w = y - 376. Calculate the remainder when w is divided by 22.
10
Let z(o) = o**2 + 4*o + 6. Let w = -17 - -25. Suppose -w*l + 3*l = -3*k - 83, 8 = 2*k. What is the remainder when l is divided by z(-4)?
1
Suppose -z + 105 = 6*z. Let o be 0 - (4 + -2) - -76. Let r = o - 70. What is the remainder when z is divided by r?
3
Let o(x) = -5*x - 12. Suppose 20*j - 228 = -3*i + 17*j, -4*i = -j - 299. Calculate the remainder when i is divided by o(-5).
10
Suppose 2*z + 0*y - 3*y - 958 = 0, 0 = 3*y + 6. Calculate the remainder when z is divided by 8.
4
Let u(l) = 184*l - 6107. What is the remainder when u(34) is divided by (-2)/(-1) - (-1 - 27)?
29
Let h = 28 + 19. Suppose -307*n - 540*n + 109263 = 0. What is the remainder when n is divided by h?
35
Suppose 0 = 2*i + 4*g + 254, -2*i - g - 236 = -3*g. Let s = -94 - i. Calculate the remainder when s is divided by 16.
11
Suppose w - 223 - 346 = -3*z, -3*z = -4*w - 589. Let p(j) = j**2 - 7*j + 5. Suppose -t + 33 = 2*t. Calculate the remainder when z is divided by p(t).
44
Let k = -4789 - -6289. What is the remainder when k is divided by 746?
8
Let s = 261 + -253. Suppose -25*l + 165 = s*l. Calculate the remainder when 8 is divided by l.
3
Suppose 59 = 3*d + 4*a, 3*a - 91 = 143*d - 148*d. Calculate the remainder when 590 is divided by d.
12
Let p(d) = -13*d**3 - 8*d**2 + 9*d + 17. Calculate the remainder when p(-4) is divided by 19.
1
Let n = 2545 - 1950. Calculate the remainder when n is divided by 24.
19
Let p = 90 + 61. Let a = 8926 + -8912. What is the remainder when p is divided by a?
11
Let y(l) = 5*l**2 + 137*l + 58. Suppose 0 = -z + 26 + 23. What is the remainder when y(-29) is divided by z?
45
Let x = -9 + 15. Let y = -7239 + 7215. Calculate the remainder when 18 is divided by x/(y/(-26)) + 1/(-2).
0
Suppose 0 = -8*o + 4088 - 2792. What is the remainder when 491 is divided by o?
5
Let u(a) = 117*a + 39. Let l be u(2). Suppose -3*n + 3*x = -414 - l, 2*x = -6. What is the remainder when n is divided by 19?
17
Calculate the remainder when 1296 is divided by ((-48)/54)/((-59)/28143).
24
Let d(w) = -w**3 + 2*w**2 + 371. Let f be d(0). Let v = 421 - f. Calculate the remainder when v is divided by 14.
8
What is the remainder when (48*(-6)/(-21))/(11 - 453/42) is divided by -4 - (-26 + 10/(-5))?
16
Suppose 5*a = -z + 18, 0 = -28*z + 27*z + a + 24. Calculate the remainder when 191 is divided by z.
7
Let t(g) = -g**3 - 22*g**2 + 24*g + 48. Calculate the remainder when (-6)/15 + 32568/345 is divided by t(-23).
19
Suppose 0 = -2*f - 2, -5*b = -6*b - f + 13. Calculate the remainder when 6901 is divided by b.
13
Suppose 441*a - 386*a - 5940 = 0. What is the remainder when 937 is divided by a?
73
Let l(p) = -p**3 - 9*p**2 - 5*p - 22. Let b(g) = g**3 + 7*g**2 + 5*g + 21. Let d(m) = 4*b(m) + 3*l(m). Calculate the remainder when 177 is divided by d(0).
15
Suppose 1 = -6*j + 49. Let n(s) = 6*s**2 - 4*s - 6. Let k be n(3). Suppose -4*w - 4 = 0, 4*h = -2*w + 30 + k. What is the remainder when h is divided by j?
1
Calculate the remainder when 234 is divided by 97 - 2/(18/117).
66
Suppose -4*q = 5*z - 251, 0 = 2*z + 62*q - 58*q - 98. Calculate the remainder when z is divided by 46.
5
Calculate the remainder when 469 is divided by (-10 + 0 - -3)*(13 + (-1310)/70).
29
Let r(w) = -34*w - 3 - 9 + 42*w. Let z be r(6). Calculate the remainder when -1 + 1 + (z - -2) is divided by 20.
18
Let z(g) = -3*g**3 - 3*g**2 - 114*g - 221. Suppose -2*u = -2*s - 188, 2*u - 178 = -4*s + s. What is the remainder when u is divided by z(-2)?
16
Suppose 0*x = 5*x - 20. Suppose -609 = -x*f - b, 4*f - 2*b - 402 = 204. Suppose f = -7*y + 15*y. Calculate the remainder when 36 is divided by y.
17
Let s(k) = -k**2 + 27*k + 5. Let l be s(19). Suppose 3*p + 3*w - l = 164, w - 5 = 0. Let c = -80 + p. What is the remainder when c is divided by 13?
9
Let x be (-9)/(-4) - (-7)/(-28). What is the remainder when (x*-22)/((-6)/60*4) is divided by 16?
14
Let p(q) = 22*q - 114. What is the remainder when 286 is divided by p(6)?
16
Suppose 181*y - 176*y = 130. Suppose -2*m - m = -5*g - 97, -5*g + 4*m - 96 = 0. Let v(z) = z**2 + 21*z + 26. What is the remainder when y is divided by v(g)?
2
Suppose -11*n - 6*n + 18*n = 0. Suppose n = -7*r + 162 + 55. What is the remainder when 400 is divided by r?
28
Calculate the remainder when 972 is divided by ((-1)/(-9) - 0) + 35720/1710.
6
Suppose -23*z = -1169 - 487. What is the remainder when z is divided by ((-201)/6 + 2)*-2?
9
Calculate the remainder when (-2)/8 + 53844/336 is divided by 70.
20
Let t = -22 - 578. What is the remainder when ((-2)/4)/(3/t) is divided by 35?
30
Suppose 0 = 6*u + 71 - 179. Let o = -7 + u. Suppose -x + 6 = -14. What is the remainder when x is divided by o?
9
Suppose 2*p - 11 - 3 = 0. Suppose 0 = -119*c + 104*c + 945. Let l = -36 + c. Calculate the remainder when l is divided by p.
6
Let x = -19 + 85. Let k = -51 + x. Let f(v) = -v**3 + 14*v**2 + 19*v + 30. Calculate the remainder when f(k) is divided by 31.
28
Suppose 248*p - 194367 - 204913 = 0. What is the remainder when p is divided by 116?
102
Let m(p) = 3*p**2 + 4*p + 16. Let j be m(-6). Suppose 3*d - j = -2*d. Suppose 4*g + w = 16, 2*w = -5*g + w + d. What is the remainder when 10 is divided by g?
2
Let s = 1074 + -1008. Suppose -3*o - 2*o + 120 = 0. What is the remainder when s is divided by o?
18
Suppose -88105 = 160*a - 224425. What is the remainder when a is divided by 212?
4
Suppose -96*y + 8*y = -1584. Calculate the remainder when 9282 is divided by y.
12
Suppose 4*z - 130 = -38. Let u = -58 - -58. Suppose u*l + 453 = 5*l + 2*c, -5*c - 425 = -5*l. What is the remainder when l is divided by z?
20
Suppose 658 = -8*g + 4002. Let i = g + -336. Calculate the remainder when i is divided by 80.
2
Let x = 80 + -5. Let b be ((-1)/3)/(-1) - 3192/(-9). Let c = b - 333. What is the remainder when x is divided by c?
9
Suppose -3*p - 15 = -3*o, -4*p - 15 = -o - 4. Suppose s - 2*s = 2*b - 92, 0 = -3*b - o*s + 141. Calculate the remainder when 173 is divided by b.
38
Let x = 22838 - 17693. Calculate the remainder when x is divided by 132.
129
Suppose 288 = 8822*k - 8820*k - 2*s, -3*k + 436 = -4*s. Let u = 61 + -43. What is the remainder when k is divided by u?
14
Let f = -3853 + 3878. Calculate the remainder when 28 is divided by f.
3
Let h be 2 + 138/1 + 180/(-36). Suppose -3*o - 108 = -4*o + t, 138 = o + 5*t. Let g = h - o. What is the remainder when g is divided by 4?
2
Suppose -113*t + 108*t + 225 = 0. Suppose t = 4*s + 3*c, -11*s + 3*c = -9*s - 9. Calculate the remainder when s is divided by 5.
4
Let i = 25 - 28. Let b(x) = 2*x**2 - x - 1. Let y(d) = 13*d - 818. Calculate the remainder when y(69) is divided by b(i).
19
Let b(o) = -857*o + 7904. Let j = 41 + 24. Calculate the remainder when b(9) is divided by j.
61
Suppose -5*s + 5*g + 3655 = 0, 2135 = 4*s - 11*g - 733. Calculate the remainder when s is divided by 48.
19
Let y = 585 + -570. Suppose 5*u = y, -2*f - 9 + 115 = -4*u. Calculate the remainder when f is divided by (-1 - -14) + (-2 - -4).
14
Let m = -275 - -266. Let t(r) = -r**3 - 11*r**2 - 26*r + 10. What is the remainder